
True
Does 6 divide 35004613?
False
Is 1879905721 a multiple of 562?
False
Does 9 divide 7819236?
True
Is 3119 a factor of 50853462?
False
Does 1115 divide 1025547836?
False
Does 36 divide 320307761?
False
Is 33153604 a multiple of 44?
True
Does 32 divide 3191800640?
True
Does 22 divide 100542573?
False
Does 4874 divide 206724537?
False
Does 105 divide 224534450?
False
Is 1839145864 a multiple of 5716?
True
Is 881 a factor of 147276085?
False
Is 33186605 a multiple of 6?
False
Is 51528853 a multiple of 127?
True
Is 9549725 a multiple of 481?
False
Is 365128812 a multiple of 119?
False
Is 14 a factor of 40443844?
True
Is 1264241138 a multiple of 8284?
False
Is 236064015 a multiple of 1507?
True
Is 5563022373 a multiple of 5867?
False
Is 8285069 a multiple of 2666?
False
Is 682 a factor of 162291798?
False
Is 161 a factor of 21372428?
True
Does 3 divide 20403888?
True
Does 9494 divide 8433007359?
False
Is 82826954 a multiple of 2774?
False
Is 1529799480 a multiple of 120?
True
Does 1294 divide 113429452?
True
Is 136048584 a multiple of 173?
True
Does 17 divide 326430478?
False
Does 151 divide 473741360?
True
Does 2015 divide 2928324945?
True
Is 693 a factor of 2446648?
False
Does 13 divide 159002471?
False
Does 43 divide 126252911?
False
Does 734 divide 2047301426?
True
Is 36168844 a multiple of 30?
False
Is 5 a factor of 31233620?
True
Does 88 divide 30582497?
False
Does 16 divide 29811696?
True
Does 105 divide 2300925165?
True
Does 8 divide 326956570?
False
Is 3093832073 a multiple of 44?
False
Does 799 divide 66984397?
False
Is 7588 a factor of 780626891?
False
Does 19 divide 44868020?
False
Is 56 a factor of 250177536?
True
Is 13 a factor of 11934837?
False
Is 192042761 a multiple of 274?
False
Is 1734 a factor of 262081962?
True
Is 11972592 a multiple of 141?
True
Is 5307658 a multiple of 2?
True
Is 258096872 a multiple of 1331?
True
Is 1977 a factor of 143729207?
False
Is 4409388880 a multiple of 46?
True
Is 60 a factor of 1013820?
True
Does 21 divide 2712908709?
True
Is 899 a factor of 317459089?
False
Is 11 a factor of 64247832?
True
Is 17775904 a multiple of 67?
True
Does 296 divide 598692714?
False
Does 47 divide 6459210?
True
Does 77 divide 470435979?
False
Is 11 a factor of 694725374?
False
Is 111156021 a multiple of 67?
False
Does 31 divide 81270623?
True
Does 3121 divide 281320698?
True
Does 13 divide 443087739?
False
Is 119735632 a multiple of 8?
True
Is 223 a factor of 34888068?
False
Does 12 divide 909047?
False
Does 6 divide 28035420?
True
Is 932 a factor of 59277996?
True
Does 101 divide 18260093?
True
Does 40 divide 85212625?
False
Is 184656129 a multiple of 41?
False
Is 255453684 a multiple of 23?
False
Is 5712 a factor of 318592512?
True
Is 5146 a factor of 472042580?
True
Does 21 divide 78727643?
False
Is 535 a factor of 157512251?
False
Is 165957430 a multiple of 5042?
True
Is 1108368121 a multiple of 712?
False
Is 1006 a factor of 2035758702?
True
Does 3062 divide 604322444?
True
Is 1405 a factor of 76031013?
False
Does 100 divide 14146200?
True
Does 26 divide 304300412?
True
Does 109 divide 1027789776?
True
Is 317 a factor of 62846277?
False
Does 4264 divide 3155709306?
False
Does 136 divide 198663598?
False
Does 40 divide 8684040?
True
Is 741144484 a multiple of 27?
False
Is 551 a factor of 202176010?
False
Is 11368976 a multiple of 1123?
False
Is 41856976 a multiple of 203?
True
Does 43 divide 334366267?
False
Is 10 a factor of 145590380?
True
Is 336828234 a multiple of 418?
False
Is 119 a factor of 79556587?
False
Is 18 a factor of 48024288?
True
Does 836 divide 8440084?
False
Does 3298 divide 105542401?
False
Is 70 a factor of 40545046?
False
Is 9995066 a multiple of 3?
False
Does 49 divide 24796494?
False
Does 127 divide 863446457?
True
Is 4702296792 a multiple of 7602?
False
Does 378 divide 1465220167?
False
Is 315247957 a multiple of 2195?
False
Is 362156 a multiple of 74?
True
Does 48 divide 2506028160?
True
Is 434949419 a multiple of 20?
False
Is 1048874328 a multiple of 1190?
False
Is 37 a factor of 792470150?
False
Is 9097541 a multiple of 184?
False
Is 3162 a factor of 303137778?
True
Is 8 a factor of 103771371?
False
Does 86 divide 21501419?
False
Is 1691 a factor of 634617081?
True
Does 6975 divide 1383881525?
False
Does 262 divide 32208526?
False
Is 1570 a factor of 6999060?
True
Is 5025 a factor of 1224251339?
False
Does 238 divide 1435344865?
False
Does 599 divide 1970816622?
True
Does 5 divide 50859915?
True
Is 219679470 a multiple of 45?
True
Is 2290 a factor of 1958165260?
True
Does 1068 divide 50678102?
False
Is 811 a factor of 12270430?
True
Is 2943 a factor of 507623355?
True
Does 473 divide 135963178?
False
Is 300 a factor of 178375200?
True
Is 395832840 a multiple of 1180?
False
Is 18452658 a multiple of 1264?
False
Is 42 a factor of 2053601333?
False
Is 11 a factor of 70565044?
True
Does 163 divide 35662444?
True
Is 149522838 a multiple of 5?
False
Does 1218 divide 83723442?
False
Does 123 divide 34896084?
True
Is 247 a factor of 490289575?
False
Is 14 a factor of 94660076?
True
Is 14 a factor of 1360883608?
True
Is 7 a factor of 106520302?
True
Is 188369106 a multiple of 71?
True
Is 4343 a factor of 116240395?
True
Does 15 divide 59179113?
False
Is 1481543196 a multiple of 14?
True
Is 763 a factor of 48075388?
False
Does 836 divide 166549635?
False
Is 348 a factor of 1206246996?
True
Does 12 divide 483030514?
False
Is 19 a factor of 183429777?
False
Does 19 divide 72676596?
True
Is 43 a factor of 975498?
True
Is 1397088784 a multiple of 14?
True
Does 112 divide 19885040?
True
Does 129 divide 72614100?
True
Does 217 divide 15189349?
True
Is 16 a factor of 125751072?
True
Does 104 divide 170274624?
True
Does 576 divide 11387090?
False
Is 863986450 a multiple of 25?
True
Is 372767859 a multiple of 513?
True
Is 629886007 a multiple of 337?
False
Is 2538978 a multiple of 39?
True
Is 25102691 a multiple of 1225?
False
Does 537 divide 31978895?
False
Is 23 a factor of 62354334?
True
Is 4559 a factor of 445774855?
False
Does 681 divide 6660510?
False
Is 10 a factor of 64023550?
True
Does 65 divide 144507545?
True
Is 26317112 a multiple of 31?
False
Does 313 divide 43499682?
False
Is 6 a factor of 110940714?
True
Does 61 divide 2821953452?
True
Does 17 divide 276950349?
True
Is 242224720 a multiple of 164?
True
Is 81600893 a multiple of 982?
False
Is 36 a factor of 20640672?
True
Is 1807 a factor of 17126746?
True
Is 410048194 a multiple of 1742?
False
Is 26849825 a multiple of 114?
False
Is 16 a factor of 3595168?
True
Is 96565776 a multiple of 2?
True
Is 41 a factor of 842609602?
False
Does 275 divide 27725756?
False
Does 1156 divide 174318082?
False
Does 145 divide 36376674?
False
Is 1256 a factor of 591832270?
False
Is 7189380 a multiple of 484?
False
Is 444506040 a multiple of 20?
True
Does 367 divide 674282801?
False
Does 9 divide 1322033454?
True
Does 116 divide 23066391?
False
Does 5040 divide 119497467?
False
Does 473 divide 3982514316?
True
Does 288 divide 112443264?
True
Is 46 a factor of 8702208562?
True
Does 21 divide 827638875?
True
Is 430 a factor of 297863069?
False
Is 198957480 a multiple of 3021?
False
Is 147631080 a multiple of 3855?
True
Is 778017665 a multiple of 23?
True
Is 10 a factor of 441015636?
False
Does 594 divide 1104662423?
False
Does 35 divide 40342657?
False
Is 58 a factor of 7222972?
True
Does 794 divide 29301872?
False
Is 1395 a factor of 12164400?
True
Is 26482610 a multiple of 35?
True
Is 98 a factor of 8974847?
False
Is 194969969 even?
False
Does 9806 divide 487936754?
True
Is 8 a factor of 61205467?
False
Does 46 divide 263808230?
False
Is 12 a factor of 12575089?
False
Is 126441191 a multiple of 22?
False
Is 3684 a factor of 3282491892?
True
Does 168 divide 299495991?
False
Is 327052091 a multiple of 917?
False
Is 304 a factor of 141773458?
False
Is 74 a factor of 2616196?
True
Is 1509406822 a multiple of 1962?
False
Does 269 divide 6395206?
True
Does 129 divide 122070378?
True
Does 95 divide 519224400?
True
Does 3 divide 6739151?
False
Is 548143620 a multiple of 830?
True
Is 4479908556 a multiple of 724?
True
Is 33579864 a multiple of 402?
True
Does 48 divide 3077373597?
False
Is 8 a factor of 281004411?
False
Does 656 divide 714000240?
True
Is 417550699 a 